be y(-19). Let j = c - g. What is the tens digit of j?
8
Let j(r) = 4*r + 5. Let w be j(0). Suppose -4*x - 2 = -w*q - 24, -x - 5*q = 7. Suppose -2*a + 2*l + 272 = 3*a, -3*a + 159 = x*l. What is the units digit of a?
4
Suppose 4*u + 45*y - 127626 = 48*y, 2*y = 4. What is the units digit of u?
8
Let f be (2/2)/((-4)/(-3212)). Suppose 5*s - f = -138. Let k = s - 43. What is the units digit of k?
0
Suppose 675 = 5*r + 10*r. Suppose 89 = -14*l - 261. What is the tens digit of ((-220)/l)/(6/r)?
6
What is the tens digit of 4 - 6372/(3 - 198/60)?
4
Let i(z) = -10*z**2 + 5*z - 46. Let t(f) = 9*f**2 - 5*f + 47. Let q(d) = 6*i(d) + 7*t(d). What is the hundreds digit of q(10)?
3
Suppose -9*m + 4*m - 2*u + 106 = 0, 17 = m - u. Suppose m*b = 26*b - 8196. What is the hundreds digit of b?
3
Let a(m) = m**3 - 273*m + 279*m - 1 - 2*m**2 - 6. What is the tens digit of a(6)?
7
Let x = 1668 - -63. Suppose x = -4*r + z - 7, -3*z = r + 428. Let w = -234 - r. What is the tens digit of w?
0
Suppose 0 = 3*b - n - 2324, -35*n = -4*b - 32*n + 3092. Suppose 8*j = -0*j + b. What is the tens digit of j?
9
Suppose 32*k = 160083 + 90632 + 113157. What is the tens digit of k?
7
Let v(g) = 3*g + 163. Let f(l) = -89*l + 4. Let q be f(-1). Let p = -93 + q. What is the tens digit of v(p)?
6
Let b = -1706 + 1037. Let w = -151 - b. What is the units digit of w?
8
Suppose 3*s + 64806 = 3*y, -11821 - 9799 = -y - 5*s. What is the thousands digit of y?
1
Suppose 4*y = f + 2*f + 9, 4*y + 9 = -3*f. Suppose y = -7*r + 5 + 1374. What is the hundreds digit of r?
1
Suppose -23*y = -6 - 86. Suppose -10*i + 5*i = 3*l - 134, 0 = -y*l + 4*i + 168. What is the tens digit of l?
4
Let n = 5954 - -5387. What is the ten thousands digit of n?
1
Let m(q) = 7*q - 55. Let x be m(-17). Let r = x + 184. What is the tens digit of r?
1
Let l = 401 + -390. Suppose l*w + 1523 = 14*w - 2*q, 4*w - 2019 = 5*q. What is the hundreds digit of w?
5
Let p(i) = i - 5. Let b be p(10). Let x = 507 + -297. Suppose -3*q - 2*w - w + x = 0, b*q = w + 374. What is the units digit of q?
4
Suppose 4*k + y = 15782, 257 - 19974 = -5*k + 4*y. What is the hundreds digit of k?
9
Suppose -17 = -5*i - 2*g, 4*i + 7 = -5*g + 24. Suppose 0 = i*u + u + 5*k + 496, 4*u + 504 = -3*k. Let q = -80 - u. What is the tens digit of q?
4
Suppose -21*a - 319771 + 418657 = -430272. What is the thousands digit of a?
5
Suppose -4*c - 5*y = -56623, 19*y - 20661 = -4*c + 36004. What is the ten thousands digit of c?
1
Let b(y) = 71*y - 56. Let d be b(4). Suppose 6*t - 7*t = -3*a - d, 3*t - 684 = 4*a. What is the tens digit of t?
2
Let j = -181 + 183. Suppose k + 3*k - 581 = -3*s, -j*s + 2*k + 406 = 0. What is the tens digit of s?
9
Suppose -9595 = -27*l + 22*l. Suppose 2 = k, l = 5*h + k + k. What is the units digit of h?
3
Let f(v) be the first derivative of v**4/4 + 13*v**3/3 + 13*v**2/2 - v + 27. What is the units digit of f(-8)?
5
Let u(q) = -q**3 - 3*q**2 + 18*q + 10. Let w be u(-8). Let o = -95 + w. What is the tens digit of o?
9
Let t(c) = 10 - 5 + 7 + c - 1. Let d be t(10). Suppose -3*s + 114 = d. What is the units digit of s?
1
Let j be 2664/64 + 5/((-80)/(-6)). What is the tens digit of (-6)/14 + 46848/j?
1
What is the hundreds digit of (-140)/(-84) - 33789/(-9)?
7
Let h be ((-11)/4 - -2)/((-21)/28). Suppose -5*c + 50 = x, -161 = -4*x - 3*c + 5. What is the units digit of -15*(h - x/12)?
5
Let q(k) = k - 15. Suppose -3*t + 0*t + 46 = 2*z, 2*z = 4*t + 18. Let v be q(z). Suppose -2*x - 4*l = -v, 3*x - 4*l - 19 = 2*x. What is the units digit of x?
7
Let o(a) = -5*a - 7. Suppose 0*p = -7*p - 14. Let c be o(p). Suppose 78 = -m + c*m. What is the tens digit of m?
3
Suppose -63*n - 65*n = -4*n - 1311548. What is the ten thousands digit of n?
1
What is the hundreds digit of 84/(-399) + 3250560/190?
1
What is the thousands digit of (0 - 3)/(3/(-42824))?
2
Suppose 5*f - 10 = -4*x, -2*f - 24 = -5*x + x. Let l(v) = -100*v**3 - v**2 + 6*v + 4. What is the hundreds digit of l(f)?
7
Let a(s) = 15*s**2 - 35*s + 461. What is the hundreds digit of a(16)?
7
Let b(g) = 5*g**3 + 76*g**2 + 13*g - 24. Let d be b(-15). What is the hundreds digit of (-1)/d + 7/((-252)/(-30210))?
8
Suppose 50*b - 52*b + 2*g + 7078 = 0, b - 3539 = -5*g. What is the thousands digit of b?
3
Let k = -9 - -120. Let d = k + 228. Suppose 0 = 3*u - 2*q - d, -4*u + 316 = -3*q - 135. What is the tens digit of u?
1
Suppose 12*f - 29075 = 10*f + x, -29066 = -2*f - 2*x. What is the units digit of f?
6
Let r = -19 + 19. Let d be (r/(-2))/((-2)/(0 - 2)). Suppose d = 3*z + 3*z - 576. What is the units digit of z?
6
Suppose -2*v + 5 = -1. Suppose -2*y - 2*a = -y - 5, -4*y = v*a - 20. What is the tens digit of 80 - (y - 4/1)?
7
Let v be (105/(-2))/((-12)/(-24)). Let k = v + 116. Suppose 15 = -k*l + 279. What is the units digit of l?
4
Let o = 143 + 132. Suppose 988 = -4*c + 312. Let z = c + o. What is the tens digit of z?
0
Suppose j = 3*j + s - 9, -2*s + 15 = 3*j. What is the hundreds digit of 150 + 10 + -3 + j?
1
Suppose -u - 4*u = 15. Let g = 594 - 642. What is the tens digit of (27/18)/(u/g)?
2
Suppose 3*y - 556 = -4*v + 438, -3*y + v + 989 = 0. Let w be y - -2 - (-2 + 1). Suppose -w = -12*o + 9*o. What is the units digit of o?
1
Let l(z) be the second derivative of -7/12*z**4 + 17*z + 7/6*z**3 + 1/10*z**5 + z**2 + 0. What is the tens digit of l(4)?
4
Suppose 4 = -c, -6*v - 2792 = -2*v - 2*c. Let n = v + 1429. What is the hundreds digit of n?
7
Let m(h) = 3*h - 22. Let j be m(19). What is the tens digit of 7*32 + (-5)/j*-7?
2
Suppose 37145 = 289*z - 270*z. What is the units digit of z?
5
Let d(l) = 298*l**3 - 2*l**2 - 134*l + 271. What is the units digit of d(2)?
9
Let t(m) = -2*m**2 - 3*m + 90. Let w(p) = -7*p + 28. Let c be w(4). What is the units digit of t(c)?
0
What is the thousands digit of (15*1)/(41262/(-8257) + 5)?
5
What is the tens digit of ((-17408)/(-12) - -2)/(3/9)?
5
Let s = 15103 + -7339. What is the units digit of s?
4
Suppose -3*k + 36039 = 3*o, -11902 = 2*k + 4*o - 35932. What is the ten thousands digit of k?
1
What is the tens digit of (-382)/((-16)/(-120) - 32/190)?
8
Suppose j - 5*j = -316. Suppose 0 = -2*h + 557 + j. Suppose -h = -v - 5*v. What is the tens digit of v?
5
What is the thousands digit of (-10)/100*25 - 5157/(-2)?
2
What is the units digit of (-21215)/(-2) - (-14)/(-4)*(-81)/567?
8
Let i(n) = n**2 + 9*n - 37. Let m be i(-12). What is the units digit of m/(-1) - 19/(95/(-560))?
3
What is the ten thousands digit of (-135)/(-189) - 340818/(-7)?
4
Let z(g) = g**3 + g**2 - 2*g + 23. Let x be z(7). Let q = 446 + x. What is the tens digit of q?
4
Let u(d) = 85*d**2 - 202*d - 44. What is the hundreds digit of u(-13)?
9
Let o(w) = 204*w + 118. Let f be o(5). Suppose -8*l + f = -710. What is the hundreds digit of l?
2
Suppose x + 4*g + 16 = 0, -g = -3*x - x - 13. Let j(p) = -p**3 - 5*p**2 - 5*p - 2. Let n be j(x). Suppose n*s - 6*s + 316 = 0. What is the units digit of s?
9
Let x be (-6)/(-6)*(-2 + 2 + -62). Let c = 105 + x. Suppose -2*g + 186 = 4*v, 5*g - 8 = -v + c. What is the tens digit of v?
4
What is the ten thousands digit of -4 - (-86880 - -5)/5?
1
Suppose 15 = 2*b + b. Suppose -b*z - 2 = 4*h - 3*h, 4*z - 5 = -3*h. Suppose h*v + 61 = 4*v. What is the units digit of v?
1
Let w(t) = 1073*t - 36. What is the tens digit of w(2)?
1
Let g = -158 - -87. Let z = g - -74. Suppose z*k - 120 - 156 = 0. What is the units digit of k?
2
Let s(u) = u**3 + 4*u**2 - 11*u - 4. Let y be s(-6). Let i be (18/y)/((-9)/45). What is the units digit of (803/9 - 1) + (-2)/i?
8
Suppose -10*p + 58*p = -96. What is the tens digit of 72/6 + -6 + p + 154?
5
Let k = -610 + 664. What is the units digit of 27/k*(0 + 2)*500?
0
Let n = -3064 + 17649. What is the ten thousands digit of n?
1
Let z = -63 - -55. Let s = 10 + z. Suppose -3*b = 5*f - 515, 5*b - 86 = -s*f + 139. What is the tens digit of f?
0
Suppose 0 = 3*t - 13*t + 50. Suppose t*j + 2*w + 890 = 4670, 4*j = -3*w + 3017. What is the units digit of j?
8
Let j(z) be the third derivative of -z**6/40 + 17*z**5/30 + 5*z**4/24 + 31*z**3/6 - 178*z**2. What is the tens digit of j(10)?
8
Let p = 9594 - 6673. What is the units digit of p?
1
Let x(y) = 8*y + 2*y**2 + 15 + 11*y**2 - 7*y**2 - 3*y**2 + y**2. What is the hundreds digit of x(11)?
5
Suppose